= 172, 8*g - 4*y + 81 = 9*g. What is the remainder when g is divided by k?
20
Let s = -2497 - -2673. Calculate the remainder when 1585 is divided by s.
1
Let o(k) = k**2 + 3*k - 3. Let q be o(6). Let b = 85 - 47. Calculate the remainder when b is divided by q/5 - 1/5.
8
Suppose 0 = -966*v + 971*v + 760. Let d = v + 192. Calculate the remainder when d is divided by 7.
5
Let k be (-9)/(-1) + (-13 - -7). Suppose k*t = -2*i + 192, -5*i + 5*t - 4*t + 480 = 0. What is the remainder when 478 is divided by i?
94
Let j = 5200 + -5198. What is the remainder when 228 is divided by j?
0
Suppose 0 = -51*w + 405 + 513. What is the remainder when 789 is divided by w?
15
Let m(d) = 89 + 34*d - 27*d - 26*d. Suppose -o - 3*b = -65, 0*b = 3*o - 5*b - 237. What is the remainder when o is divided by m(4)?
9
Suppose 7*w - 2*w + 3*s - 602 = 0, s = 3*w - 350. Suppose 0 = 5*k - 165. Calculate the remainder when w is divided by k.
19
Suppose -31 - 1 = 8*l. Calculate the remainder when 209 is divided by 1*(-42)/24*l.
6
Let t(l) = l**2 + 3*l + 12. Let m be t(-3). Let j be (3 - -135)/((m/(-10))/(-3)). Suppose 0 = i + 4*i - j. What is the remainder when i is divided by 12?
9
Let u(w) = -w**3 + 7*w**2 + 4*w + 53. Suppose t - 8 = k, -2*t - k = -4*t + 16. What is the remainder when 124 is divided by u(t)?
19
Let o(h) = 15*h + 16. Let r be 2 + (-16)/9 - (-3124)/36. Let s = r + -56. Calculate the remainder when o(3) is divided by s.
30
Let a be -7*(-4 - (-104)/28). Suppose c + 5*o - 12 = o, 0 = a*o. Suppose -3*f = -60 - c. Calculate the remainder when 43 is divided by f.
19
Suppose 0 = 3*k + 3*n - 33, -k - 4*n = 28 - 39. Calculate the remainder when 689 is divided by k.
7
Suppose 5*f + s = -7, 3*s - 15 = 3*f - 0*s. Let g be (32 - 2)/(f/(-1)). Suppose -18*r + g*r + 303 = 0. Calculate the remainder when r is divided by 26.
23
Let y(p) = -2*p - 5. Let l(a) = 6*a**2 + 2*a + 2. Suppose -20*t + 3 = 23. Calculate the remainder when l(t) is divided by y(-4).
0
Suppose 3*s - 384 = -3*s. Let d(b) = 10*b**2 - 7*b - 16. Calculate the remainder when s is divided by d(-2).
26
Let x = -2093 - -1853. Let t = 49 - 19. What is the remainder when (1062/(-48))/(45/x) is divided by t?
28
Suppose 5*z = 59 + 91. Let p be -2*(-1)/10 + (-5918)/(-110). Calculate the remainder when z is divided by 660/p + (-6)/27.
6
Suppose 0 = 2870*p + 20288 - 68173 - 49695. Let f = 4 + -1. Suppose -2*y + 233 + 171 = 4*c, -303 = -3*c + f*y. Calculate the remainder when c is divided by p.
33
Suppose 0 = -102*j + 83472 + 78571 + 64601. What is the remainder when j is divided by 36?
26
Let u be (-19 - -24) + 320 + 1. Suppose u = 2*k + 2*f, -2*k + 7*f = 3*f - 314. What is the remainder when k is divided by 27?
26
Suppose -18*s + 24*s - 1434 = 0. What is the remainder when s is divided by 10?
9
Let t(j) = j - 1. Let z be t(12). Suppose -z = x - 2. Calculate the remainder when (-4)/(-3) + (-195)/x is divided by 7.
2
Let h(o) = o**2 + 8*o + 21. Let v(n) = -3*n - 27. Let k be v(-11). Let a be 7/(105/(-96)) - k/10. What is the remainder when 55 is divided by h(a)?
13
Let q(i) be the second derivative of -i**5/20 + i**4/6 - i**3/3 - i**2/2 + i. Let x be q(4). Let u = 50 + x. Calculate the remainder when 25 is divided by u.
7
Suppose 8*g - 2*g + 6 = 0, -2*j - 3*g = -523. What is the remainder when j is divided by 81?
20
Suppose -7*t - 68 = -3*t. Let v(u) = -u**2 - 23*u + 22. Suppose -p + 35 = -2*d + d, 0 = 4*p - d - 131. Calculate the remainder when v(t) is divided by p.
28
Let n = 66 - 52. Suppose z - 69*z = -5304. What is the remainder when z is divided by n?
8
Suppose 0*u + 2*u - 26 = 0. Suppose 0 = -4*l + 11 + u. Suppose 3*z - 4*f = l*z - 160, 107 = 2*z + 3*f. What is the remainder when z is divided by 18?
16
Suppose 68*g - 150*g = -75*g - 35. Let c be (-2)/6 + 13/3. Suppose -c*v + 2*v + n + 27 = 0, n - 64 = -5*v. What is the remainder when v is divided by g?
3
Let t(w) = 33*w**2 - w. Let r be t(1). Suppose r*p - 2736 = -1040. What is the remainder when 316 is divided by p?
51
Let x(z) = z**3 + z**2 - z + 8. Suppose -4*d - 3*b + 134 = 0, 4*d - 4*b = -2*b + 164. What is the remainder when d is divided by x(0)?
6
Let q(l) = 22*l - 85. Calculate the remainder when ((-30)/(-25)*-18)/((-15)/50) is divided by q(5).
22
Suppose 5*k = 18 + 7. Suppose -66 = -4*c - 2*l - 12, 5*c + 4*l = 66. Suppose 2*r = -b + c, b - r + 4 = 30. What is the remainder when b is divided by k?
2
Suppose 114 = 2*c + d - 3*d, 0 = c - 4*d - 69. Let z = c + -43. Calculate the remainder when 123 is divided by z.
3
Suppose 3649*q = 3638*q + 4213. What is the remainder when q is divided by 7?
5
Let n(s) = -s**3 - 3*s**2 - 8*s - 45. Calculate the remainder when 2440 is divided by n(-6).
109
Suppose -m - m + 4 = 0, -4*n = 2*m - 32. Suppose -n - 1 = -4*o. Suppose o*x - 6*x + 292 = 0. What is the remainder when x is divided by 15?
13
Suppose 5*u = 4*s - 130 - 47, -5*s + 231 = -3*u. What is the remainder when (8 + -61)/((-222)/54 + 4) is divided by s?
45
Suppose 90*z = 21*z - 461 + 1979. Calculate the remainder when 1/(4 + -5) - -87 is divided by z.
20
Suppose 5*s - 3*n - 10494 = -5*n, 3*n = -9. Let q(v) = -v**2 - 15*v + 17. Let y be q(-16). What is the remainder when 116 is divided by y/9 + s/54?
38
Suppose -1350 = -24*r - 12630. Let d = r - -744. What is the remainder when d is divided by 56?
50
Suppose 0 = 208*j - 52969 - 44167. Calculate the remainder when 471 is divided by j.
4
Suppose 0 = 585*l - 735*l + 18450. Calculate the remainder when l is divided by 59.
5
Suppose 13*b = 3*b - 10. Let x(t) = -2*t - 413*t**2 + 413*t**2 - 173*t**3 - 2. Calculate the remainder when x(b) is divided by 29.
28
Let m = -9 + 7. Suppose 3*p - 4*d - 1 = 12, 5*p - d - 16 = 0. Calculate the remainder when 32/12 - m/6 is divided by p.
0
Calculate the remainder when 1074 is divided by (30/50)/(2/10) + 20.
16
Let l be (54/8)/((-23)/107088). Suppose -5*c - 146 = -4*u, 0*u - 3*c = 2*u - 84. Calculate the remainder when (l/(-24))/27*(1 - -3) is divided by u.
38
Suppose 4*w + w + 10 = 0. Let i be 48/18*(-3)/w. Suppose 41 = 2*m - 3*v - 3, -96 = -4*m + i*v. What is the remainder when m is divided by 11?
6
Let b(o) = 211*o**3 + 10*o**2 - 12*o + 1. Let h be b(1). Suppose 124*i + h = 134*i. What is the remainder when 36 is divided by i?
15
Suppose 3*c - 3 = 0, -30*y + 27*y + 2*c + 5248 = 0. Calculate the remainder when y is divided by 195.
190
Suppose -96 = -3*h - h. Let r = h - -17. Let n(c) = -c**3 - 30*c**2 - 55*c + 43. What is the remainder when r is divided by n(-28)?
11
Suppose 0 = 5*j + 4*u - 7960, -2426 = -4*j - 2*u + 3936. Calculate the remainder when j is divided by 120.
28
Calculate the remainder when ((-3219)/74)/(3 - 0)*(-20 + 2) is divided by 49.
16
Let g = 31 + 12. Let i(f) = 2*f**2 + 13*f + 47. Let l be i(-9). Suppose 4*w - l = 3*z, w = z - 5*z + 23. What is the remainder when g is divided by w?
20
Suppose 0 = 17*k + 329*k - 1384. Let b(i) = i + 2. Let s(z) = -z**2 - 8*z - 7. Let v be s(-6). What is the remainder when b(v) is divided by k?
3
Suppose 1863 = 4*a + 5*d, 0 = -4*a - 2*d + 1811 + 31. Calculate the remainder when a is divided by 9.
7
Let s(o) = -o**3 + 5*o**2 - o + 2. Calculate the remainder when ((-168)/(-196))/((-3)/(-175)) is divided by s(4).
8
Suppose 2*m - 6*m + 8 = 0. Suppose -3*r = -4*y - 31, -48 = -3*r - r + m*y. What is the remainder when r is divided by 3 + (4 - 8) + 3?
1
Let c = -13993 - -14566. What is the remainder when c is divided by 76?
41
Suppose 3*o = 9, o + 35 + 85 = 3*m. Suppose -2*i = 5*j - 13 + 10, -3*j = -2*i - 5. What is the remainder when m is divided by (53/(-6) - j/6)/(-1)?
5
Suppose 4*u + 5*d = 250 - 160, -2*u = -4*d - 84. Calculate the remainder when 227 is divided by u.
17
Let l(t) = t + 49. Calculate the remainder when (13149/270 - 49) + 2423/10 is divided by l(0).
46
Suppose -84*t + 2684 = 46*t - 8*t. Let n be 1/5 - 911/5. Let d = -118 - n. What is the remainder when d is divided by t?
20
Suppose -30*i - 15*i + 6*i = -35646. Calculate the remainder when i is divided by 78.
56
Let c(x) = 180*x**2 - 1. Let z(t) = 110*t - 1310. What is the remainder when c(1) is divided by z(12)?
9
Let o be ((-112)/42)/(2/3) - -4. Suppose o = 2*p - 7 + 3, 4*d - 3*p - 22 = 0. Calculate the remainder when 24 is divided by d.
3
Let i(v) = 2*v**2 + 18*v - 119. 